) = 7*j**3 + 2*j**2 - j - 2. Let c be p(-1). Suppose 4*b = -0*b + 104. Calculate the remainder when (100/15)/(c/(-45)) is divided by b.
24
Let b = -784 - -810. What is the remainder when 203 is divided by b?
21
Let o = 560 + -398. Suppose 0 = -5*q - q + o. Calculate the remainder when q is divided by 10.
7
What is the remainder when 127 is divided by (-2)/(-10) + 2 + 357/15?
23
Let f(b) = -8*b**2 - b - 2. Let v be f(-2). Let w = -11 - v. Calculate the remainder when w is divided by 3 + 10 + -4 + 3.
9
Suppose -302 + 7 = -5*t. Let v(r) = -8*r - 4. Let x be v(-3). Suppose b = -0*b + x. Calculate the remainder when t is divided by b.
19
Let n be -1 + 2/(-2) - 38. Let w be (-4)/10 - (-184)/n. Let q = w - -8. What is the remainder when 10 is divided by q?
1
Suppose 2*j - 2*i - 68 = 0, -7 = j + 3*i - 41. Suppose 5*d = 4*d, 2*l - 16 = 2*d. What is the remainder when j is divided by l/60 - (-178)/15?
10
Let d = 46 + -43. Suppose -34 = -d*x - 2*l, -5*x + 54 = -5*l - 11. Let m(s) = s**3 - 3*s**2 + 3*s - 4. Calculate the remainder when x is divided by m(3).
2
Let u = 131 + -89. Suppose 4*x - 910 = 4*v - u, -20 = 5*v. What is the remainder when x is divided by 12?
9
Let f(j) = 7*j - 37. Let n be f(16). Suppose -17*o = -2*o - n. What is the remainder when 7 is divided by o?
2
Let j(l) = 8*l**2 + 28*l + 154. Calculate the remainder when j(-6) is divided by 78.
40
Suppose 3*w + 60 = 3*o - w, w = -2*o + 40. Suppose -2*h - y + 33 = 0, -18*y + 2 = -o*y. Calculate the remainder when h is divided by 4.
1
Suppose -4*d + 7*d = 27. Let t(q) = -5*q - 11. Let j be 437/(-57) + 4/6. Calculate the remainder when t(j) is divided by d.
6
Let s = 237 - -168. Suppose -5*k = -3*p + 211, -5*p + 2*k - 7*k = -s. Suppose 6*r - 26 - 34 = 60. Calculate the remainder when p is divided by r.
17
Suppose -1 = 6*y - 7. Let d = y - -7. Let g(s) = -s + 22. What is the remainder when 67 is divided by g(d)?
11
Let f(d) = 3*d - 4 + 3*d - 3*d + 11*d**2. What is the remainder when f(2) is divided by (-142)/(-6) - (-3)/9?
22
Let a be (-5)/(-1) + -6 + 3. Suppose -2*f = z + 2*z - 7, 8 = -a*f. Calculate the remainder when z is divided by 2.
1
Let d = -132 - -276. Suppose -2*k + d = 2*k. Suppose 3*q = -j + 5*j - 49, 3*q = -4*j + 55. What is the remainder when k is divided by j?
10
Suppose 104*u - 4850 = 54*u. What is the remainder when u is divided by 1/((-3)/20)*-3?
17
Let v(c) = c**2 - 9*c + 36 - 12 + 20*c. Calculate the remainder when v(-11) is divided by 12 + -14 - 15/(-1).
11
Suppose 5*o + 11 = j + 1, o - 53 = -2*j. Let u = j + -3. Suppose 2*r - 112 = 14. Calculate the remainder when r is divided by u.
19
Let j = 12 - 8. Suppose 51 = -w + 4*w. Suppose w - 50 = -3*a + 3*t, a - 3*t = 19. What is the remainder when a is divided by j?
3
Let a(h) = -5*h**3 - h**2. Let x be a(-1). Suppose -2*c - 5*b = -7*c + 55, -3*c - x*b + 26 = 0. What is the remainder when c is divided by 7?
3
Suppose -r + 1 = 7. Let x(g) = 4*g**2 + 5*g + 13. Calculate the remainder when x(r) is divided by (96/9)/(1/3).
31
Suppose -5*c - 5*y + 145 = 0, 2*c - 3*y - 48 = -0*c. Let r(w) = w**2 + 0*w**2 - 14*w + 853 - 897. What is the remainder when r(19) is divided by c?
24
Calculate the remainder when 277 is divided by 1/(2 - 357/182).
17
Suppose 5*v - 4*k - 62 = 0, -2*k = 4*v + 2*k - 28. Suppose 0 = 11*p - 16*p + v. Suppose p*s = 6*s - 128. What is the remainder when s is divided by 11?
10
Let k(z) = z**3 - 2*z + 1. Let s be k(-2). Let y(b) = -21*b - 13. What is the remainder when y(s) is divided by 26?
24
Suppose -18*c + 800 = 22*c. What is the remainder when 58 is divided by c?
18
Let f(t) = t**2 + 7*t + 9. Let v(s) = s + 70. Calculate the remainder when v(-26) is divided by f(-7).
8
Let t(i) = 76*i**2 - 2*i + 1. What is the remainder when t(1) is divided by (-78)/2*77/(-77)?
36
Suppose 149 = 2*t - 87. Suppose 5*p - t = w + 3*w, -5*p = -5*w - 115. Calculate the remainder when 75 is divided by p.
23
Let u = 230 - 227. Suppose 5*f = -2*p + 29, 2*f + 29 = 4*p + p. Calculate the remainder when p is divided by u.
1
Let j(b) = -2*b**2 - 2*b + 179. Suppose -13*w = w. Calculate the remainder when j(w) is divided by 45.
44
What is the remainder when ((-3)/4)/(27/(-144)) is divided by 3?
1
Calculate the remainder when 9/6*(-9)/(54/(-724)) is divided by 62.
57
Let a(o) = -o + 4. Suppose 5*v + v = 12. Suppose v = h - 3. Calculate the remainder when a(-4) is divided by h.
3
Let j(p) = -p**2 + 5*p + 5. Suppose 23 = 4*k - 41. Suppose 15*n = k*n - 5. What is the remainder when 19 is divided by j(n)?
4
Let j = 126 - 85. Calculate the remainder when 139 is divided by j.
16
Let v be (186/(-9))/(((-4)/(-6))/(-2)). Suppose -5*n + 4*l = -176, -3*l + 2*l = -5*n + 179. What is the remainder when (18/n)/(1/v) is divided by 16?
15
Let h(p) = -1. Let b(f) = -3*f - 24. Let a(v) = b(v) - 4*h(v). Let k be a(-10). Calculate the remainder when k*((-24)/(-5) - 2) is divided by 15.
13
Suppose -14*m = -5*l - 19*m + 330, 0 = -2*m + 6. What is the remainder when l is divided by 19?
6
What is the remainder when ((-320)/(-24))/(1 - (-21)/(-27)) is divided by ((-6)/(-1) - 15)*-1?
6
Suppose -56 = 8*n - 12*n. Suppose n - 4 = 5*z. Suppose -5*p + u = -45, 2*p + z*p - 47 = 3*u. Calculate the remainder when 23 is divided by p.
7
Let i be (-3 - -3)*(0 + 1). Suppose 5*p - 8*p + 6 = i. Suppose -h = -4*s + 15, -s + 11 = 5*h + 2. What is the remainder when p is divided by h?
0
Suppose 10*b - 6*b - 12 = 0. Suppose 2*l = 5*r + 81, b*l - 24 - 92 = 2*r. Calculate the remainder when l is divided by (-2 + 11 - 1) + 2.
8
Let c(k) be the second derivative of k**3/6 + 3*k**2/2 - 6*k. Let v be c(-3). Calculate the remainder when 56 is divided by v - (-6)/(-2) - -32.
27
Suppose 0 = 2*o - 5 - 1. What is the remainder when -3*1/(-1) + (8 - 0) is divided by o?
2
Let o be 2/5 + (-16)/(-10). Suppose -l - o*f = -14, -3*l + 38 = f + 4*f. Let r(x) = 15*x**2 + 59*x - 59. What is the remainder when r(1) is divided by l?
3
Let t be (8/6)/(47/(-9) + 5). What is the remainder when (1 + -2)/(t/318) is divided by 15?
8
What is the remainder when 195 is divided by 52 - (1 - (-1 - 0))?
45
Let t(c) = -22*c**2 + 155*c + 4. Calculate the remainder when 35 is divided by t(7).
2
Let b = -1490 + 2327. What is the remainder when b is divided by 140?
137
Let b be 1503/15 - (-2)/(-10). Suppose 3*z + z = b. Let d = 8 - 1. What is the remainder when z is divided by d?
4
Suppose -14 - 31 = -l. Let f(y) = 3*y + 1. Suppose -3*u - 6*u + 45 = 0. What is the remainder when l is divided by f(u)?
13
Suppose -4*g + 8 = 0, 3*h + 10*g = 8*g + 943. Calculate the remainder when h is divided by 85.
58
Suppose -h = -4*g - 3*h + 28, 0 = -3*g - 5*h + 35. Let u = 7 - g. Suppose u*m = -s + 61, -4*s - 3*m + 53 = -186. What is the remainder when s is divided by 15?
14
Suppose 216 = 208*l - 200*l. Suppose 3*u + 52 = 4*u. What is the remainder when u is divided by l?
25
Suppose 0 = x + o - 93, -o = 2*x - 6*o - 179. Let m = 23 - 4. What is the remainder when x is divided by m?
16
Let u(m) = -20*m**2 - 5 + m**3 - m + 16*m**2 + 12*m**2. What is the remainder when 18 is divided by u(-8)?
0
Suppose g - 4*r = -2 + 21, -5*g + 38 = -r. Let j(h) = -h**2 - 16*h + 26. Calculate the remainder when j(0) is divided by g.
5
Suppose 216 + 144 = 2*i. Suppose i = 3*x + 3*x. What is the remainder when x is divided by 16?
14
Let t(n) = -n**2 + n - 51. Let k be t(0). Let b = 90 + k. Suppose 2*h = v + 3*h - 15, -v - 4*h + 18 = 0. Calculate the remainder when b is divided by v.
11
Let c(v) = v**2 - 4*v + 4*v - 1. Calculate the remainder when ((-20)/14)/(5/(-1*245)) is divided by c(-5).
22
Let f(z) = z + 4. Let u(c) = 12*c**2 - 7*c - 2. Calculate the remainder when u(1) is divided by f(-3).
0
Suppose -8 = -0*q - 2*q. Let c = -37 - -62. Let x = -15 + c. Calculate the remainder when x is divided by q.
2
What is the remainder when 6*((-34)/5)/(3/(-10)) is divided by 60?
16
Suppose 113 = f + 4. Let w = 114 - 92. What is the remainder when f is divided by w?
21
Let c(z) = 14*z + 1. Let j(m) = 3*m**2 - 19*m - 16. Calculate the remainder when j(9) is divided by c(2).
27
Let j(o) be the first derivative of -o**3/3 + 17*o**2/2 - 34*o + 7. What is the remainder when 53 is divided by j(13)?
17
Let j = 554 - 538. What is the remainder when 76 is divided by j?
12
Let p = 